 - 27*j - 11. Calculate q(9).
-173
Let r(w) = -w**2 + w + 34. What is r(7)?
-8
Let p(x) = x - 6. Give p(-4).
-10
Let m(a) = 6*a - 31. Give m(6).
5
Let f(i) = -8*i + 34. Calculate f(5).
-6
Let f(q) = q**3 + 4*q**2 - 16*q + 44. What is f(-7)?
9
Let s(b) = -6*b - 47. Calculate s(-9).
7
Let k(a) = -5*a - 1. Calculate k(-3).
14
Let z(l) = -l**3 - 5*l**2 + 16*l + 65. Give z(-6).
5
Let f(k) = -k + 6. Give f(-5).
11
Let k(i) = -i**2 - 1. What is k(-4)?
-17
Let i(h) = -7*h**2 - 148*h - 27. Calculate i(-21).
-6
Let c(n) = 2*n - 32. Calculate c(10).
-12
Let u(f) = -8*f - 40. Determine u(-16).
88
Let w(y) = -y**3 - 14*y**2 + 2*y + 14. Determine w(-14).
-14
Let r(x) = -12*x - 6. Calculate r(-2).
18
Let f(k) = -38*k + 198. Give f(5).
8
Let s(z) = -z**2 + 17*z + 85. What is s(21)?
1
Let r(l) = -l**3 - 16*l**2 - 26*l - 8. Give r(-14).
-36
Let w(l) = l**2 + 4*l - 1. What is w(-8)?
31
Let b(g) = g**2 - 20*g + 72. What is b(15)?
-3
Let q(j) = 55*j + 5. Give q(3).
170
Let x(r) = r**3 - 9*r**2 + 9*r - 4. Determine x(8).
4
Let c(j) = -3*j - 88. Calculate c(0).
-88
Let a(f) = -2*f + 17. What is a(12)?
-7
Let t(m) = m**2 - 33*m + 87. What is t(30)?
-3
Let u(k) = k**3 - 21*k**2 + 20*k - 25. Determine u(20).
-25
Let s(m) = m**3 + 8*m**2 + 3*m + 1. Calculate s(-8).
-23
Let u(i) = 4*i**2 + 19*i - 2. Calculate u(-5).
3
Let c(i) = -2*i**2 - 48*i + 36. Calculate c(-25).
-14
Let y(k) = 2*k**2 + 18*k + 35. Give y(-8).
19
Let h(q) = -q**3 + 7*q**2 - 3*q. Determine h(6).
18
Let w(c) = 4*c**2 - 3*c + 3. Determine w(1).
4
Let n(g) = 2*g - 7. Determine n(7).
7
Let b(v) = -v**3 - 11*v**2 + 15*v + 24. What is b(-11)?
-141
Let g(l) = 2*l + 3. Determine g(-3).
-3
Let m(c) = -c + 6. Determine m(-2).
8
Let h(j) = -2*j**3 - 57*j**2 + 28*j - 28. Calculate h(-29).
1
Let p(w) = -w**2 - 23*w + 16. Calculate p(-18).
106
Let t(h) = h**3 + 12*h**2 - 12*h + 1. Calculate t(-13).
-12
Let q(x) = 3*x**3 - 3*x**2 + 4*x - 6. Calculate q(2).
14
Let h(r) = 2*r**3 + 23*r**2 + 5*r - 17. Determine h(-11).
49
Let k(d) = -d**3 - 6*d**2 - 6*d - 1. Determine k(-5).
4
Let d(p) = -p**2 - 5*p + 17. Determine d(-8).
-7
Let k(q) = q**3 + 4*q**2 - 6*q + 13. Calculate k(-6).
-23
Let o(j) = -j**2 - 5*j + 14. Determine o(-7).
0
Let l(h) = 3*h**3 + 9*h**2 + 6*h + 9. Determine l(-4).
-63
Let n(f) = 13*f - 29. Calculate n(6).
49
Let f(c) = -3*c - 4. Calculate f(-4).
8
Let j(i) = -i - 9. Determine j(4).
-13
Let u(b) = -9*b + 1. Calculate u(-5).
46
Let o(f) = -f**2 - 13*f - 16. Determine o(-12).
-4
Let d(s) = -s**3 + 20*s**2 + 43*s + 13. Give d(22).
-9
Let z(h) = h**3 + 6*h**2 + 4*h - 2. Give z(-6).
-26
Let f(c) = c**2 - 4*c + 3. Calculate f(2).
-1
Let p(m) = 65*m - 2. Determine p(-1).
-67
Let s(k) = -k**3 - 2*k**2 + 6*k + 3. Determine s(-4).
11
Let r(d) = -d**2 - 14*d - 32. Calculate r(-8).
16
Let l(k) = -k**3 + 12*k**2 + 11*k - 5. Give l(13).
-31
Let o(y) = -y**2 - 9*y - 19. Determine o(-9).
-19
Let h(v) = v**2 + 12*v + 4. Give h(-12).
4
Let p(t) = -11*t - 64. Give p(-6).
2
Let x(n) = -n**3 - 5*n**2 - 4*n + 2. Give x(-3).
-4
Let a(l) = l**3 - 12*l**2 + 8. Determine a(12).
8
Let v(o) = -5*o + 4. Calculate v(3).
-11
Let p(a) = a**2 - 13*a - 85. Calculate p(19).
29
Let v(u) = u**2 - 4*u - 57. Determine v(0).
-57
Let q(r) = 2*r**2 - 4*r - 4. What is q(-3)?
26
Let y(v) = v**2 + 2*v. Give y(-3).
3
Let j(m) = m**3 - m**2 - 7*m + 2. What is j(3)?
-1
Let x(s) = -s**2 + 9*s + 1. Give x(4).
21
Let d(s) = -2*s + 1. Determine d(2).
-3
Let p(n) = 20*n - 55. What is p(3)?
5
Let p(t) = t**3 - 9*t**2 - t - 6. Determine p(9).
-15
Let m(g) = g + 3. Determine m(9).
12
Let q(b) = -10*b**2 + 181*b - 18. Determine q(18).
0
Let k(z) = 3*z + 3. Determine k(7).
24
Let k(b) = b + 8. What is k(-30)?
-22
Let j(x) = -x**3 + 53*x**2 + 53*x + 52. What is j(54)?
-2
Let z(d) = d**2 - 5*d + 3. Calculate z(3).
-3
Let a(x) = -2*x - 11. Give a(16).
-43
Let v(g) = -g**3 - 12*g**2 - 11*g - 9. What is v(-11)?
-9
Let g(n) = 16*n + 192. Calculate g(-12).
0
Let n(u) = -u**3 - 4*u**2 + 2*u - 3. What is n(-4)?
-11
Let m(x) = -x**3 - 6*x**2 + 9*x + 10. Determine m(-7).
-4
Let m(s) = s**2 - 10*s - 48. What is m(12)?
-24
Let x(h) = -2*h**3 + 7*h**2 - 4*h - 2. What is x(4)?
-34
Let s(w) = -2*w - 6. Calculate s(-4).
2
Let y(o) = o**3 + 11*o**2 - o + 4. Give y(-11).
15
Let f(q) = q**2 + 6*q - 17. Give f(-7).
-10
Let y(a) = -33*a**2 - 5. Determine y(-2).
-137
Let k(z) = -z**2 + 16*z + 161. Determine k(23).
0
Let r(g) = -27*g + 29. What is r(1)?
2
Let u(g) = -g**3 - 12*g**2 + 12*g - 11. What is u(-13)?
2
Let w(u) = -u**2 - 12*u - 14. What is w(-10)?
6
Let w(c) = -c**2 + 13*c + 10. Calculate w(10).
40
Let u(h) = -17*h - 18. Determine u(3).
-69
Let o(s) = -11*s + 4. Determine o(-3).
37
Let a(c) = -c**3 - 16*c**2 - 7*c - 17. What is a(-15)?
-137
Let s(r) = 2*r - 132. Calculate s(33).
-66
Let f(j) = j**2 - 16*j + 21. Calculate f(17).
38
Let f(i) = 5*i + 39. Calculate f(-6).
9
Let i(o) = 23*o**2 - 9*o - 10. What is i(-1)?
22
Let a(n) = -n - 65. Give a(-25).
-40
Let l(i) = 3*i + 19. Give l(-7).
-2
Let j(t) = 17*t**3 - t + 1. Calculate j(1).
17
Let y(u) = -4*u**2 - 10*u + 2. Give y(-3).
-4
Let p(u) = -u + 34. What is p(0)?
34
Let y(j) = j**2 + 4*j - 7. Give y(-6).
5
Let o(c) = -4*c**3 - c**2 - 2*c. What is o(2)?
-40
Let z(y) = -y**3 - 8*y**2 - 43*y - 247. Calculate z(-7).
5
Let q(s) = -5*s + 8. Calculate q(2).
-2
Let i(u) = u**3 - 18*u**2 - 2*u + 29. Give i(18).
-7
Let z(v) = v**2 - v - 11. Calculate z(-3).
1
Let z(r) = 11*r**2 - r + 1. Determine z(2).
43
Let n(v) = v**2 + 8*v - 14. Determine n(-10).
6
Let r(c) = c**2 - 10*c - 4. Determine r(8).
-20
Let f(b) = -2*b**2 - b + 1. Give f(1).
-2
Let x(v) = 2*v**2 - v - 13. What is x(-3)?
8
Let w(h) = -h + 15. Determine w(7).
8
Let g(o) = -o**2 - 22*o - 45. Calculate g(-21).
-24
Let w(u) = -2*u**2 + 5. What is w(0)?
5
Let x(y) = -12*y + 77. Calculate x(8).
-19
Let l(i) = -26*i + 32. Calculate l(5).
-98
Let y(c) = -c**2 + c - 34. Give y(0).
-34
Let v(l) = -l**2 + 4*l + 39. Give v(9).
-6
Let r(q) = -q**3 + q**2 + 4*q + 4. Calculate r(5).
-76
Let h(x) = -x**3 - 8*x**2 - 2*x - 7. Determine h(-8).
9
Let v(l) = -l**2 + 33*l - 269. What is v(16)?
3
Let b(n) = -2*n**2 + 2*n - 1. Calculate b(4).
-25
Let s(d) = -d**2 + 4*d + 11. Determine s(8).
-21
Let t(d) = -7*d + 28. Calculate t(9).
-35
Let x(p) = -p**2 + 14*p - 9. Determine x(13).
4
Let w(n) = -n**2 - n + 1. Calculate w(2).
-5
Let b(q) = 4*q**3 + 133*q**2 + 34*q + 32. What is b(-33)?
-1
Let q(v) = -5*v - 278. Give q(-50).
-28
Let x(s) = -3*s**2 + 2*s + 2. Give x(2).
-6
Let k(y) = -2*y**3 + 4*y**2 - y + 4. Give k(3).
-17
Let r(x) = -x + 8. Calculate r(10).
-2
Let z(r) = -r**2 - 12*r - 40. Give z(-4).
-8
Let g(b) = b**3 + 15*b**2 - 12. Determine g(-15).
-12
Let b(y) = 6*y**2 - 4*y + 3. Give b(1).
5
Let x(p) = p**3 - 6*p**2 - 11*p + 10. Give x(7).
-18
Let v(l) = -5*l + 11. What is v(3)?
-4
Let j(n) = 31*n**2 - n - 1. Give j(-1).
31
Let u(p) = -2*p + 10. Determine u(15).
-20
Let r(f) = f**2 - 3*f + 43. Give r(0).
43
Let b(n) = n**3 - 7*n**2 - 2*n - 2. What is b(7)?
-16
Let l(a) = a**3 + 3*a**2 - 2*a + 31. Calculate l(-5).
-9
Let q(v) = -v**3 + 11*v**2 - 14*v + 15. Give q(10).
-25
Let m(t) = -t**3 + 6*t**2 - t + 19. Give m(6).
13
Let c(j) = 4*j**2 - 19*j - 6. Determine c(5).
-1
Let c(r) = r**2 - 5*r - 6. Determine c(5).
-6
Let j(h) = -14*h + 179. What is j(13)?
-3
Let x(z) = z - 8. Give x(0).
-8
Let u(f) = f**3 + 3*f**2 - 18*f + 3. Give u(-6).
3
Let z(d) = 3*d + 4. Calculate z(2).
10
Let d(w) = 2*w**2 - 4*w. Determine d(0).
0
Let x(t) = -6*t - 48. Calculate x(-6).
-12
Let q(n) = 4*n**2 - 11*n - 47. What is q(5)?
-2
Let f(p) = -p - 16. Calculate f(-18).
2
Let n(x) = -x**3 - 2*x**2 - 2*x + 3. Give n(-3).
18
Let y(m) = -4*m + 2. Calculate y(-4).
18
Let s(k) = -k**3 - 3*k**2 + 2. Determine s(-3).
2
Let p(s) = s**3 - 3*s**2 + 3*s + 1. Give p(2).
3
Let s(u) = -5*u - 7. Calculate s(-6).
23
Let f(s) = -s**3 + 14*s**2 - 11*s - 20. Give f(13).
6
Let l(o) = -o**3 + 10*o**2 - 12*o + 18. Give l(9).
-9
Let h(t) = -2*t**3 - 20*t**2 + 3*t + 16. Give h(-10).
-14
Let x(l) = l**3 + 2*l**2 - 4*l - 17. Determine x(-3).
-14
Let p(s) = -s**2 + 15*s - 74. Determine p(7).
-18
Let k(d) = -d**2 + 9*d + 16. Determine k(11).
-6
Let x(i) = i**2 - 49*i + 53. Give x(48).
5
Let b(k) = -14*k - 804. Give b(-56).
-20
Let p(j) = 